[INFO] fetching crate ophelia-secp256k1 0.3.0...
[INFO] checking ophelia-secp256k1-0.3.0 against master#af3c6e733a40e671550e0f0f5aeecaa13772ba56 for pr-74989
[INFO] extracting crate ophelia-secp256k1 0.3.0 into /workspace/builds/worker-3/source
[INFO] validating manifest of crates.io crate ophelia-secp256k1 0.3.0 on toolchain af3c6e733a40e671550e0f0f5aeecaa13772ba56
[INFO] running `Command { std: "/workspace/cargo-home/bin/cargo" "+af3c6e733a40e671550e0f0f5aeecaa13772ba56" "read-manifest" "--manifest-path" "Cargo.toml", kill_on_drop: false }`
[INFO] started tweaking crates.io crate ophelia-secp256k1 0.3.0
[INFO] finished tweaking crates.io crate ophelia-secp256k1 0.3.0
[INFO] tweaked toml for crates.io crate ophelia-secp256k1 0.3.0 written to /workspace/builds/worker-3/source/Cargo.toml
[INFO] running `Command { std: "/workspace/cargo-home/bin/cargo" "+af3c6e733a40e671550e0f0f5aeecaa13772ba56" "generate-lockfile" "--manifest-path" "Cargo.toml" "-Zno-index-update", kill_on_drop: false }`
[INFO] [stderr]     Blocking waiting for file lock on package cache
[INFO] running `Command { std: "/workspace/cargo-home/bin/cargo" "+af3c6e733a40e671550e0f0f5aeecaa13772ba56" "fetch" "--locked" "--manifest-path" "Cargo.toml", kill_on_drop: false }`
[INFO] [stderr]     Blocking waiting for file lock on package cache
[INFO] running `Command { std: "docker" "create" "-v" "/var/lib/crater-agent-workspace/builds/worker-3/target:/opt/rustwide/target:rw,Z" "-v" "/var/lib/crater-agent-workspace/builds/worker-3/source:/opt/rustwide/workdir:ro,Z" "-v" "/var/lib/crater-agent-workspace/cargo-home:/opt/rustwide/cargo-home:ro,Z" "-v" "/var/lib/crater-agent-workspace/rustup-home:/opt/rustwide/rustup-home:ro,Z" "-e" "SOURCE_DIR=/opt/rustwide/workdir" "-e" "CARGO_TARGET_DIR=/opt/rustwide/target" "-e" "CARGO_HOME=/opt/rustwide/cargo-home" "-e" "RUSTUP_HOME=/opt/rustwide/rustup-home" "-w" "/opt/rustwide/workdir" "-m" "1610612736" "--user" "0:0" "--network" "none" "rustops/crates-build-env@sha256:d92eaeed33fa75130ca1ee6c8a01d1ffb62bac859dfdfb3450e3e5d1c0146529" "/opt/rustwide/cargo-home/bin/cargo" "+af3c6e733a40e671550e0f0f5aeecaa13772ba56" "metadata" "--no-deps" "--format-version=1", kill_on_drop: false }`
[INFO] [stdout] 04d20021d6325e6854261f600b7185bc6f5b108b35592bd663af97abc491627a
[INFO] [stderr] WARNING: Your kernel does not support swap limit capabilities or the cgroup is not mounted. Memory limited without swap.
[INFO] running `Command { std: "docker" "start" "-a" "04d20021d6325e6854261f600b7185bc6f5b108b35592bd663af97abc491627a", kill_on_drop: false }`
[INFO] running `Command { std: "docker" "inspect" "04d20021d6325e6854261f600b7185bc6f5b108b35592bd663af97abc491627a", kill_on_drop: false }`
[INFO] running `Command { std: "docker" "rm" "-f" "04d20021d6325e6854261f600b7185bc6f5b108b35592bd663af97abc491627a", kill_on_drop: false }`
[INFO] [stdout] 04d20021d6325e6854261f600b7185bc6f5b108b35592bd663af97abc491627a
[INFO] running `Command { std: "docker" "create" "-v" "/var/lib/crater-agent-workspace/builds/worker-3/target:/opt/rustwide/target:rw,Z" "-v" "/var/lib/crater-agent-workspace/builds/worker-3/source:/opt/rustwide/workdir:ro,Z" "-v" "/var/lib/crater-agent-workspace/cargo-home:/opt/rustwide/cargo-home:ro,Z" "-v" "/var/lib/crater-agent-workspace/rustup-home:/opt/rustwide/rustup-home:ro,Z" "-e" "SOURCE_DIR=/opt/rustwide/workdir" "-e" "CARGO_TARGET_DIR=/opt/rustwide/target" "-e" "CARGO_INCREMENTAL=0" "-e" "RUST_BACKTRACE=full" "-e" "RUSTFLAGS=--cap-lints=forbid" "-e" "CARGO_HOME=/opt/rustwide/cargo-home" "-e" "RUSTUP_HOME=/opt/rustwide/rustup-home" "-w" "/opt/rustwide/workdir" "-m" "1610612736" "--user" "0:0" "--network" "none" "rustops/crates-build-env@sha256:d92eaeed33fa75130ca1ee6c8a01d1ffb62bac859dfdfb3450e3e5d1c0146529" "/opt/rustwide/cargo-home/bin/cargo" "+af3c6e733a40e671550e0f0f5aeecaa13772ba56" "check" "--frozen" "--all" "--all-targets" "--message-format=json", kill_on_drop: false }`
[INFO] [stderr] WARNING: Your kernel does not support swap limit capabilities or the cgroup is not mounted. Memory limited without swap.
[INFO] [stdout] b6ee821045163ebdcf3113b9829084b77a0c3fb71514e2f4a827f0d19840b0af
[INFO] running `Command { std: "docker" "start" "-a" "b6ee821045163ebdcf3113b9829084b77a0c3fb71514e2f4a827f0d19840b0af", kill_on_drop: false }`
[INFO] [stderr]    Compiling libc v0.2.77
[INFO] [stderr]    Compiling syn v1.0.40
[INFO] [stderr]    Compiling getrandom v0.1.15
[INFO] [stderr]    Compiling typenum v1.12.0
[INFO] [stderr]    Compiling memchr v2.3.3
[INFO] [stderr]    Compiling proc-macro2 v0.4.30
[INFO] [stderr]    Compiling cc v1.0.41
[INFO] [stderr]    Compiling unicode-xid v0.1.0
[INFO] [stderr]     Checking byte-tools v0.3.1
[INFO] [stderr]     Checking ppv-lite86 v0.2.9
[INFO] [stderr]     Checking regex-syntax v0.6.18
[INFO] [stderr]    Compiling syn v0.15.44
[INFO] [stderr]     Checking fake-simd v0.1.2
[INFO] [stderr]     Checking opaque-debug v0.2.3
[INFO] [stderr]     Checking thread_local v1.0.1
[INFO] [stderr]     Checking block-padding v0.1.5
[INFO] [stderr]     Checking log v0.4.11
[INFO] [stderr]     Checking aho-corasick v0.7.13
[INFO] [stderr]    Compiling quote v0.6.13
[INFO] [stderr]     Checking rand_core v0.5.1
[INFO] [stderr]    Compiling secp256k1-sys v0.1.2
[INFO] [stderr]     Checking rand_chacha v0.2.2
[INFO] [stderr]     Checking rand v0.7.3
[INFO] [stderr]     Checking generic-array v0.12.3
[INFO] [stderr]     Checking digest v0.8.1
[INFO] [stderr]     Checking block-buffer v0.7.3
[INFO] [stderr]     Checking sha2 v0.8.2
[INFO] [stderr]     Checking secp256k1 v0.17.2
[INFO] [stderr]     Checking regex v1.3.9
[INFO] [stderr]     Checking env_logger v0.7.1
[INFO] [stderr]     Checking quickcheck v0.9.2
[INFO] [stderr]    Compiling thiserror-impl v1.0.20
[INFO] [stderr]    Compiling ophelia-derive v0.3.0
[INFO] [stderr]    Compiling quickcheck_macros v0.8.0
[INFO] [stderr]     Checking thiserror v1.0.20
[INFO] [stderr]     Checking ophelia-hasher v0.2.0
[INFO] [stderr]     Checking ophelia v0.3.2
[INFO] [stderr]     Checking ophelia-secp256k1 v0.3.0 (/opt/rustwide/workdir)
[INFO] [stdout] error[E0432]: unresolved import `ophelia_quickcheck`
[INFO] [stdout]    --> src/lib.rs:159:9
[INFO] [stdout]     |
[INFO] [stdout] 159 |     use ophelia_quickcheck::{impl_quickcheck_for_privatekey, AHashValue};
[INFO] [stdout]     |         ^^^^^^^^^^^^^^^^^^ use of undeclared type or module `ophelia_quickcheck`
[INFO] [stdout] 
[INFO] [stdout] 
[INFO] [stdout] error: cannot determine resolution for the macro `impl_quickcheck_for_privatekey`
[INFO] [stdout]    --> src/lib.rs:165:5
[INFO] [stdout]     |
[INFO] [stdout] 165 |     impl_quickcheck_for_privatekey!(Secp256k1PrivateKey);
[INFO] [stdout]     |     ^^^^^^^^^^^^^^^^^^^^^^^^^^^^^^
[INFO] [stdout]     |
[INFO] [stdout]     = note: import resolution is stuck, try simplifying macro imports
[INFO] [stdout] 
[INFO] [stdout] 
[INFO] [stdout] error[E0277]: the trait bound `Secp256k1PrivateKey: Arbitrary` is not satisfied
[INFO] [stdout]    --> src/lib.rs:177:5
[INFO] [stdout]     |
[INFO] [stdout] 177 |     #[quickcheck]
[INFO] [stdout]     |     ^^^^^^^^^^^^^ the trait `Arbitrary` is not implemented for `Secp256k1PrivateKey`
[INFO] [stdout]     | 
[INFO] [stdout]    ::: /opt/rustwide/cargo-home/registry/src/github.com-1ecc6299db9ec823/quickcheck-0.9.2/src/tester.rs:195:22
[INFO] [stdout]     |
[INFO] [stdout] 195 | pub fn quickcheck<A: Testable>(f: A) {
[INFO] [stdout]     |                      -------- required by this bound in `quickcheck`
[INFO] [stdout]     |
[INFO] [stdout]     = note: required because of the requirements on the impl of `Testable` for `fn(Secp256k1PrivateKey) -> bool`
[INFO] [stdout]     = note: this error originates in an attribute macro (in Nightly builds, run with -Z macro-backtrace for more info)
[INFO] [stdout] 
[INFO] [stdout] 
[INFO] [stdout] error[E0277]: the trait bound `Secp256k1PrivateKey: Arbitrary` is not satisfied
[INFO] [stdout]    --> src/lib.rs:185:5
[INFO] [stdout]     |
[INFO] [stdout] 185 |     #[quickcheck]
[INFO] [stdout]     |     ^^^^^^^^^^^^^ the trait `Arbitrary` is not implemented for `Secp256k1PrivateKey`
[INFO] [stdout]     | 
[INFO] [stdout]    ::: /opt/rustwide/cargo-home/registry/src/github.com-1ecc6299db9ec823/quickcheck-0.9.2/src/tester.rs:195:22
[INFO] [stdout]     |
[INFO] [stdout] 195 | pub fn quickcheck<A: Testable>(f: A) {
[INFO] [stdout]     |                      -------- required by this bound in `quickcheck`
[INFO] [stdout]     |
[INFO] [stdout]     = note: required because of the requirements on the impl of `Testable` for `fn(Secp256k1PrivateKey) -> bool`
[INFO] [stdout]     = note: this error originates in an attribute macro (in Nightly builds, run with -Z macro-backtrace for more info)
[INFO] [stdout] 
[INFO] [stdout] 
[INFO] [stdout] error: aborting due to 4 previous errors
[INFO] [stdout] 
[INFO] [stdout] 
[INFO] [stdout] Some errors have detailed explanations: E0277, E0432.
[INFO] [stdout] 
[INFO] [stdout] For more information about an error, try `rustc --explain E0277`.
[INFO] [stdout] 
[INFO] [stderr] error: could not compile `ophelia-secp256k1`.
[INFO] [stderr] 
[INFO] [stderr] To learn more, run the command again with --verbose.
[INFO] running `Command { std: "docker" "inspect" "b6ee821045163ebdcf3113b9829084b77a0c3fb71514e2f4a827f0d19840b0af", kill_on_drop: false }`
[INFO] running `Command { std: "docker" "rm" "-f" "b6ee821045163ebdcf3113b9829084b77a0c3fb71514e2f4a827f0d19840b0af", kill_on_drop: false }`
[INFO] [stdout] b6ee821045163ebdcf3113b9829084b77a0c3fb71514e2f4a827f0d19840b0af
